termine c(13).
2
Let s(d) = 3*d - 3. Let m(o) = -5*o**3 - 3*o**2 + 5*o + 15. Let x be m(-2). Suppose 0 = 2*n - 10 - 2. Let l be -32 + x - (-4)/n*-6. Determine s(l).
-12
Let a(z) be the third derivative of 15*z**4/4 - 367*z**3/6 + 7134*z**2. Calculate a(4).
-7
Let t(m) = 8*m + 2*m - 14*m + 2 - 16*m**2 + 122*m**2. Calculate t(1).
104
Let z(v) = -v**3 + 5*v**2 - 9*v - 10 + 2*v**2 + 9 + 5. Let u = -222 + 227. Suppose 4*a - 3*a = 5*k + 31, -2*a - u*k - 13 = 0. Determine z(a).
-14
Let w(y) = 2*y + 9. Suppose v + 5*o - o = 8, -4*v + 10 = 5*o. Calculate w(v).
9
Let a(c) = 7*c - 54*c + 2 - c**2 + 7*c + 40*c. Determine a(0).
2
Let g(w) = w**2 - 3*w - 16. Let t = 23194 - 23206. Give g(t).
164
Suppose -2*x - 16*c - 43 = -19*c, 38 = -2*x + 2*c. Let r(t) = 14*t**2 + 31*t - 35. Let m(l) = -5*l**2 - 10*l + 12. Let g(h) = 11*m(h) + 4*r(h). What is g(x)?
-8
Let r(d) be the first derivative of d**4/4 + 4*d**3/3 + d**2/2 + 11*d - 842. Give r(-4).
7
Let r(n) = -n + 3. Suppose -28*z - 26*z = -162. Let v be (z - 12/6)*-3. What is r(v)?
6
Let q(y) = -15249 + 0*y**2 + 6*y**2 - 7*y + y**3 + 15246. Suppose 7 = -x - 0. What is q(x)?
-3
Suppose -4*o + 90 = 2*o. Let i = 17 - o. Let f(r) = -2*r**3 + r + r**3 + 2*r**3 + i*r - 3 + 5*r**2. Give f(-3).
6
Let n(z) = -z**3 + z**2 + 148 + 2553*z - 151 - 2547*z. Let o = 5 - 1. Calculate n(o).
-27
Suppose -3*y + 4*t - 112 = y, -5*y - 105 = 2*t. Let b = 29 + y. Suppose 3*j + 4*x = -4, x = j - b*j - 18. Let o(v) = -v**3 - 3*v**2 + v + 2. What is o(j)?
14
Suppose -47*b + 48*b - 3 = 0. Suppose 4 = -2*y + 10. Suppose 6*w = y*w + 3, -b = 2*d + w. Let z(m) = -5*m - 3. Calculate z(d).
7
Let z(x) = 4*x**2 + x - 1. Let m(a) = a**2 - 2*a. Let t(o) = 18*o**2 + 6*o - 18. Let r(h) = -5*m(h) - t(h). Let b(c) = -r(c) - 6*z(c). Determine b(-5).
13
Let p(c) = 181 + 15*c**3 - 187 - c**2 + 0*c**2 - 14*c**3 - 3*c. Calculate p(5).
79
Let f(k) = -4*k**3 - 21*k**2 - 3*k - 12. Let m(r) = -3*r**3 - 14*r**2 - 2*r - 8. Let h(b) = -5*f(b) + 7*m(b). Let d = -17 - -6. Let i = -4 - d. Give h(i).
11
Suppose 6*s + 10 = -2. Let v be (3 - (-52)/(-20))/(s/(-10)). Suppose -t + 8 = v*w, 4*w + 6 + 2 = t. Let j(g) = -g**3 + 7*g**2 + 9*g. Determine j(t).
8
Let c(g) = -43*g - 145. Let o(b) = 301*b + 1032. Let m(q) = -43*c(q) - 6*o(q). Give m(-1).
0
Let g(l) = -8*l + 2. Suppose 3*h + 35 = -4*r, 0 = -4*r + 13*h - 9*h. Give g(r).
42
Let k(i) = -i**2 - i + 142. Let u(v) = 4*v**2 + 24*v - 425. Let a(n) = 7*k(n) + 2*u(n). Give a(-4).
-4
Let c(l) = 10*l**2 + 18*l - 9*l**2 - 23*l - 21 + 14. Give c(12).
77
Let c = -411 - -217. Let i = c + 199. Let l(w) = -w**2 + 4*w + 7. Determine l(i).
2
Let m = 299 - 294. Let p(a) be the first derivative of a**5/60 - a**4/6 - 2*a**3/3 + 3*a**2/2 + 8. Let b(c) be the second derivative of p(c). Calculate b(m).
1
Suppose 2 = -q - s, 4 - 7 = 2*q + s. Let d(n) = 2*n + 129563*n**3 - 129559*n**3 + 60*n**2 - 61*n**2 + 1 - 2*n. Determine d(q).
-4
Let a(w) = 4*w - 21. Let j = 970 + -975. Determine a(j).
-41
Let k(w) = -w**3 + 4*w**2 - 4*w + 2. Let b = 7 + -7. Suppose -2*u + b*u - 44 = -4*m, -m = 3*u - 25. Let a = m - 11. Calculate k(a).
2
Let p(u) be the first derivative of u**4/4 - 8*u**3/3 + 2*u**2 + 10*u - 79584. Let t be (-3 - -10)*(-1)/(-1). Give p(t).
-11
Let m(l) = 5*l**3 + 326*l**2 - 8*l - 20. Let a(j) = 11*j**3 + 705*j**2 - 16*j - 39. Let v(h) = 6*a(h) - 13*m(h). Determine v(5).
-9
Suppose 20 = s - 3*m + 9, -5*m = -2*s + 17. Let p(x) = -2 + 19*x - 56*x + x**2 + 22*x + 19*x. Calculate p(s).
-2
Suppose q = -3*q. Suppose q = 2*z - 5*z + 12. Let t(w) = -3*w - 5. Let s(x) = x. Let a(r) = 4*s(r) + t(r). Calculate a(z).
-1
Let a(y) be the second derivative of -y**4/12 + 11*y**3/6 + 139*y**2/2 - 40*y + 2. Let w(d) be the first derivative of a(d). What is w(8)?
-5
Suppose -5 = -o, 2499 = 6*x + 5*o + 224. Let u = -366 + x. Let y(g) = g - 11. Determine y(u).
-2
Let h(f) = 111*f - f**2 + 2*f**2 + 6 - 115*f. Suppose 3*w = 3*l + 12, 2*w - 3*l - 10 = -2*l. Calculate h(w).
18
Suppose -2*i - 3 - 7 = 0, 31 = 2*t - 3*i. Let u(f) = t*f**2 - 19*f**2 - 1 - 6*f + 10*f**2. What is u(-6)?
-1
Let p(j) = j**2 - 4*j - 5. Let d = -3 - -4. Suppose 5*k = 26 - d. Suppose 0 = k*u - 11 - 9. Determine p(u).
-5
Suppose -4*a + 44 + 0 = 0. Let x(h) = -6*h**2 - h - 5. Let f(s) = 6 + 18*s**2 + 10 - 7 + 5 + 2*s. Let l(y) = a*x(y) + 4*f(y). What is l(2)?
19
Suppose -f = -4*x - 12, 0 = -3*f + 5*f + 2*x - 74. Let v(t) = -24*t - 11 + f*t - 7*t. What is v(11)?
0
Let s(n) = 3*n**3 + 18*n**2 + 15*n + 7. Let b(v) = 2*v**3 + 9*v**2 + 7*v + 3. Suppose 12*l - 3*l = -45. Let o(k) = l*b(k) + 3*s(k). Give o(10).
6
Let y(l) = -2*l + 20. Let o be y(9). Let q(i) = -4*i + o*i**2 - 19*i**2 - 1 + i**3 + 14*i**2. What is q(3)?
-13
Let g = 3596 + -3587. Let d(z) = z**2 - 10*z + 10. Calculate d(g).
1
Let o(k) be the first derivative of 3*k + 1/3*k**3 + k**4 + 194 - 3/2*k**2. Give o(2).
33
Suppose 4*f + 108 = -l + 805, 4*l = 20. Let z = f - 183. Let k(x) = x + 7. What is k(z)?
-3
Let y(i) be the second derivative of 5*i**4/12 - 5*i**3/6 - 9*i**2/2 + 67*i + 31. Give y(-2).
21
Let d(f) = 14*f - 47. Let k(t) = -2*t**3 - 2*t**2 + 35*t + 68. Let i be k(-2). What is d(i)?
37
Let i(g) be the third derivative of -g**4/8 - g**3/2 - g**2. Let w(f) = 50*f - 302. Let p be w(6). Let z be 8*(-29)/(-29)*p/4. What is i(z)?
9
Let o(f) = -51*f**2 + 111*f - 123. Let k(b) = 82*b**2 - 166*b + 184. Let s(d) = 5*k(d) + 8*o(d). Give s(-30).
-4
Let r = 1574 + -1578. Let q(v) = -1. Let s(a) = 2. Let k(z) = 7*q(z) + 3*s(z). Let y(i) = -2*i - 6. Let n(m) = 8*k(m) - y(m). Give n(r).
-10
Let q(r) be the second derivative of r**4/12 + 13*r**3/6 - 27*r**2 + r + 282. Calculate q(-17).
14
Let l(c) = -7*c**2 + 286*c - 520. Let g be l(39). Let z(r) = -r**2 - 15*r - 4. Let a(i) = i + 1. Let v(h) = 2*a(h) + z(h). What is v(g)?
-2
Let b(z) = -4*z + 2. Let t be 1155/(-110)*2/3. What is b(t)?
30
Let s(i) = -2*i + 1. Let u be (-1)/(15/(-42))*5. Let b = u + -8. What is s(b)?
-11
Let o = 37 + -35. Let l(y) = -3*y + 4. Let w be l(o). Let j = w + 9. Let d(n) = -n**2 + 9*n - 9. Give d(j).
5
Suppose -27*h - 398 = -128. Let n(o) = -4*o + 9. Calculate n(h).
49
Let w(l) = 6*l - 123. Let t be w(21). Let p(j) = 3*j - j + 3*j - 6*j + t. What is p(5)?
-2
Let x(h) be the third derivative of -h**5/60 - h**4/12 - h**3/6 - 5*h**2. Suppose -11 = 4*z - 35. Let n = 4 - z. Give x(n).
-1
Let p(m) be the third derivative of -m**4/24 - 3*m**3/2 + 506*m**2 - 3. Determine p(0).
-9
Let z(x) = x**2 - 126*x - 3946. Let c be z(-26). Let t(d) = -d**3 + 7*d**2 - 14*d + 6. Determine t(c).
-42
Let w(u) = 4381 - 5*u**3 + 4376 + 4375 + 2*u - 13133 + 3*u**2. What is w(-2)?
47
Let s(t) = 8*t - 21*t + 5*t - 2 + 9*t. Determine s(13).
11
Let v(w) = w**2 - 49*w + 13. Let c(j) = j**2 - 61*j + 13. Let m(u) = -5*c(u) + 6*v(u). Determine m(-10).
3
Let r(o) = -2*o - 33 + 61 + 8*o**2 + o**3 - 38. Let l be (-6)/33 - 228/(-44). Suppose 3*f + 32 = -4*t, 0*t - t + 38 = -l*f. Calculate r(f).
6
Let s(g) be the first derivative of -g**5/60 - 3*g**4/4 - 19*g**3/3 - 6*g**2 - 7*g - 167. Let i(k) be the second derivative of s(k). What is i(-16)?
-6
Let t(z) = 12 - 4*z**3 - 4*z + 3*z + 3*z**3 - z**2. Let c = 25 - 35. Let a(o) = -o**2 - 9*o + 10. Let n be a(c). Give t(n).
12
Let l(u) be the second derivative of -u**8/6720 + u**7/2520 - u**5/120 - 119*u**4/12 - 10*u - 5. Let k(b) be the third derivative of l(b). What is k(0)?
-1
Let v(m) be the second derivative of m**4/8 - m**3 - 173*m**2/2 - 51*m. Let y(b) be the first derivative of v(b). Calculate y(-9).
-33
Suppose 5*g + 15 = -5*t, 4*t - 509 = -2*g - 533. Let z(w) = -38*w + 239. Calculate z(g).
11
Let d = 1806 - 1810. Let f(y) = 28*y - 18. Calculate f(d).
-130
Let z(v) be the third derivative of v**6/360 - v**5/120 + 3*v**4/4 + 2*v**3/3 - 75*v**2. Let s(q) be the second derivative of z(q). Calculate s(-7).
-15
Let x be (-6)/(-10) + 112/80. Let h(b) = -121 + b**x - b + 118 - 9*b. Let p be (56/(-40))/((-2)/10). Determine h(p).
-24
Let b = -150 - -159. Suppose b*d - 131 = -68. Let w(t) be the first derivative of t**2/2 - 14*t - 4. What is w(d)?
-7
Let o(c) = -c**3 - 6*c**2 + 3*c - 5. Suppose -3*w - 63 = 9*l - l, -2*w = -2*l - 2. Determine o(l).
-23
Suppose 23 + 2 = -5*d, 29 = 3*o - 4*d. Let w(t) = -100*t**2 - 10 - 3*t + 93*t**2 - 3*t + t**o. Suppose -3*b - 16